{"id":286,"date":"2024-07-03T10:40:26","date_gmt":"2024-07-03T10:40:26","guid":{"rendered":"https:\/\/dev.m-bochum.de\/?page_id=286"},"modified":"2024-07-04T12:29:09","modified_gmt":"2024-07-04T12:29:09","slug":"bohnof-bio","status":"publish","type":"page","link":"https:\/\/dev.m-bochum.de\/index.php\/bohnof-bio\/","title":{"rendered":"Anja Bohnhof Bio"},"content":{"rendered":"<div class=\"subhl\"><b>Biografie von Anja Bohnhof<img loading=\"lazy\" decoding=\"async\" class=\" wp-image-304 alignleft\" src=\"https:\/\/dev.m-bochum.de\/wp-content\/uploads\/2024\/07\/Portrait_Bohnhof-Anja-web_2022.jpg\" alt=\"\" width=\"184\" height=\"194\" \/><\/b><\/div>\n<p>* 1974 Hagen<br \/>\nLebt und arbeitet in Dortmund<\/p>\n<p>&nbsp;<\/p>\n<p>Anja Bohnhofs <a href=\"http:\/\/www.bohnhofphoto.de\/\" target=\"_blank\" rel=\"noopener\">Website<\/a><\/p>\n<p>&nbsp;<\/p>\n<p>&nbsp;<\/p>\n<p>1991-93 Ausbildung zur Fotografin, Interieur\/ Industrie (D\u00fclmen und M\u00fcnster)<br \/>\n1997-99 Studium Medienplanung, -entwicklung und -beratung (Universit\u00e4t Siegen)<br \/>\n1999-04 Studium Visuelle Kommunikation; Fotografie bei Prof. Hermann Stamm (Bauhaus-Universit\u00e4t Weimar)<br \/>\n2004 Abschluss in Diplom Design<\/p>\n<p>seit 2020 Honorary e-Professor (Mahatma Gandhi Mission University, Aurangabad)<br \/>\n2011-2015 Creative Director\/Leitung Produktentwicklung Gr\u00e4tz Verlag<br \/>\n2006-14 Lehrauftrag f\u00fcr Fotografie (Hochschule K\u00f6ln)<br \/>\nseit 2006 Mitglied der Bildagentur &#8222;neuebildanstalt&#8220;, Hamburg<br \/>\nseit 2016 Mitglied &#8222;Verein der D\u00fcsseldorfer K\u00fcnstler&#8220;<\/p>\n<p>&nbsp;<\/p>\n<p><b>Stipendien und Auszeichnungen (Auswahl)<\/b><br \/>\n2022<br \/>\nAtelierstipendium Cit\u00e9 Internationale des Arts, Paris<br \/>\nAufenthaltsstipendium Goethe-Institut &amp; Mongolian University of Arts &amp; Culture, Ulan Bator<br \/>\n2019<br \/>\nCit\u00e9 Internationale des Arts, Paris<br \/>\nSilber-Auszeichnung Deutscher Fotobuchpreis 2019\/20, Stuttgart<br \/>\nLaureator Archifoto &#8211; Intern. Awards of Architectural Photography, Strasbourg, FR.<br \/>\nAward Of Excellence, 10. International Creative Media Award, Category: Photo Books<br \/>\nAnerkennung Europ\u00e4ischer Architekturfotografie-Preis, Frankfurt a. M.<br \/>\n2017<br \/>\nAnerkennung &#8222;Europ\u00e4ischer Architekturfotografie-Preis 2017&#8220;<br \/>\n2016<br \/>\n3. Preis \u201ePortraits \u2013 Hellerau Photography Award\u201c, Dresden<br \/>\n2015<br \/>\n\u201eGisela Bonn Award\u201c des Indian Council for Cultural Relations, New Delhi<br \/>\n2014<br \/>\nAuslandstipendium des Landes NRW f\u00fcr Indien<br \/>\nNominierung &#8222;DEW21 Kunstpreis&#8220;, Museum f\u00fcr Kunst und Kulturgeschichte, Dortmund<br \/>\n2013<br \/>\nAufenthaltsstipendium Goethe-Institut Bangalore &amp; Pepper House Kochi, Indien<br \/>\nProjektstipendium Kulturwerk VG Bild-Kunst GmbH, Bonn<br \/>\n2012<br \/>\nAufenthaltsstipendium f\u00fcr k\u00fcnstlerische Fotografie und<br \/>\nAuslandstipendium des Landes NRW f\u00fcr Indien<br \/>\nAufenthaltsstipendium &#8222;AIR-Krems&#8220;, \u00d6sterreich<br \/>\n2011<br \/>\nAufenthaltsstipendium K\u00fcnstlerhaus Eckernf\u00f6rde<br \/>\nAufenthaltsstipendium Kavaliershaus Langenargen<br \/>\n2009<br \/>\nProjektstipendium Kulturwerk VG Bild-Kunst GmbH, Bonn<br \/>\n2008<br \/>\nAufenthaltsstipendium des Landes Sachsen-Anhalt, K\u00fcnstlerhaus Salzwedel<br \/>\n2007<br \/>\n&#8222;DEW21 Kunstpreis 2007&#8220;, Dortmund (Gemeinschaftsarbeit mit Karen Weinert)<br \/>\nHauptpreis Kategorie Fotografie (Gemeinschaftsarbeit mit Karen Weinert)<br \/>\n2006<br \/>\nStipendium der Kunststiftung NRW<br \/>\n2. Preis &#8222;Mainzer Kunstpreis&#8220;, Kunstverein Eisenturm, Mainz<br \/>\n&#8222;Sachsen_Art&#8220;, Preis f\u00fcr junge Kunst in Sachsen, Fotografie,<br \/>\nKulturstiftung Dresdner Bank &amp; Neuer S\u00e4chsischer Kunstverein, Dresden<br \/>\n(Gemeinschaftsarbeit mit Karen Weinert)<br \/>\n2005<br \/>\nProjektstipendium Kulturwerk VG Bild-Kunst GmbH, Bonn<br \/>\nStipendium &#8222;Kunst und Ged\u00e4chtnis&#8220;, Kulturstiftung Sparkasse Unna<br \/>\n2004<br \/>\nPrix &lt; Beatus Rhenanus &gt; de l&#8217;Ambitie&#8216; Franco-Allemande, Rencontres de Molsheim, Frankreich<\/p>\n<p>&nbsp;<\/p>\n<p><b>Arbeiten in Sammlungen<\/b><br \/>\nSammlung zeitgen\u00f6ssischer Kunst der Bundesrepublik Deutschland; Kunstsammlung des Deutschen Budestags; Staatliche Kunstsammlungen Dresden; Sammlung Museum Kunstpalast, D\u00fcsseldorf; Sammlung Kunst aus NRW in Kornelim\u00fcnster; Kunstsammlung Stadtgalerie Klagenfurt; Sammlung Museum f\u00fcr Angewandte Kunst, Gera; Kunstsammlung Stadt Dortmund; Kulturstiftung Sparkasse Unna; Kunstsammlung DEW21 Dortmund; Sammlung Navajivan Trust, Satya Art Gallery, Ahmedabad, Indien; Sammlung Mahatma Gandhi Mission, Aurangabad, Indien<\/p>\n<p>&nbsp;<\/p>\n<p><b>Ausgew\u00e4hlte Einzelausstellungen<\/b><br \/>\n2024<br \/>\n<i>Typosphere<\/i>, EarPort, Duisburg<br \/>\n2023<br \/>\n<i>India 2009-2023. Konzeptionelle Fotografie<\/i>, PaK Palais f\u00fcr aktuelle Kunst, Gl\u00fcckstadt<br \/>\n<i>Fotografie<\/i>, Lippischer Gesellschaft f\u00fcr Kunst eV, Schloss Detmold<br \/>\n2022<br \/>\n<i>INDIA<\/i>, Kunsthalle Cloppenburg<br \/>\n2021<br \/>\n<i>ABWESENDHEITSNOTIZEN<\/i>, KunstRaum Duisburg<br \/>\nZusammenarbeit mit Karin Weinert<br \/>\n<i>India<\/i>, Kunstverein Unna<br \/>\n<i>Tracking Gandhi<\/i>, Museum Mahatma Gandhi Mission University, Aurangabad, Indien<br \/>\n2020<br \/>\n<span style=\"color: #000000;\"><a style=\"color: #000000;\" href=\"https:\/\/www.galerie-m.com\/press.php?&amp;eid=108\"><i><span style=\"color: #333333;\">The Last Drop<\/span><\/i><\/a><\/span>, Galerie m, Bochum<br \/>\n<i>Anja Bohnhof. Tracking Gandhi<\/i>, Satya Art Gallery, Ahmedabad, Indien<br \/>\n<i>Tracking Gandhi. Eine fotografische Reise auf den Spuren von Mahatma Gandhi <\/i> KunstRaum, Duisburg<br \/>\n2019<br \/>\n<i> Tracking Gandhi<\/i>, National Gandhi Museum, New Delhi, Indien<br \/>\n<i>Tracking Gandhi<\/i>, Stadtgalerie Klagenfurt<br \/>\n<i>FREMDESLAND<\/i>, Kunstverein Duisburg<br \/>\n2018-2019<br \/>\n<a href=\"https:\/\/www.galerie-m.com\/press.php?eid=173\"><i>Tracking Gandhi &#8211; Bahak &#8211; Krishak &#8211; Mohila<\/i><\/a>, Galerie m Bochum<br \/>\n<i> India<\/i>, vhs-photogalerie Stuttgart<br \/>\n2018<br \/>\n<i>INDIA<\/i>, MDR Landesfunkhaus Magdeburg<br \/>\n<i>KOLKATA &#8211; Fotografie aus Indien<\/i>, KunstRaum, Duisburg<br \/>\n2017<br \/>\n<i>love comes later<\/i>, Gallery Taj West End &amp; Deutsches Konsulat, Bangalore, Indien<br \/>\n<i>INDIA<\/i>, Museum Osthaus, Hagen<br \/>\n2016<br \/>\n<i>Fremdesland<\/i>, Landesarchiv Berlin<br \/>\n<i>DDR-museale Ansichten<\/i>, Maison de Heidelberg, Montpellier, Frankreich<br \/>\n<i>Bahak<\/i>, Kunstr\u00e4ume der Michael Horbach Stiftung, K\u00f6ln<br \/>\n<i>Fremdesland<\/i>, Landesarchiv Berlin<br \/>\n2015<br \/>\n<i>INDIA<\/i>, Stadtgalerie Elbeforum Brunsb\u00fcttel<br \/>\n<i>Territorien des Selbst<\/i>, Architektur Haus K\u00e4rnten, Klagenfurt<br \/>\n2014<br \/>\n<i>Bahak<\/i>, Abode Hotel Mumbai, Indien<br \/>\n2013<br \/>\n<i>books for sale<\/i>, LOFT &#8211; Raum f\u00fcr Kunst und Gegenwart, Ansbach<br \/>\n<i>books for sale<\/i>, Robert Musil Literatur-Museum, Klagenfurt<br \/>\n<i>Abwesenheitsnotizen<\/i>, kunstraumarcade, M\u00f6dling, \u00d6sterreich<br \/>\n<i>Abwesenheitsnotizen<\/i>, Junge Fotografie im Schloss, Cuxhaven<br \/>\n2012<br \/>\n<i>books for sale<\/i>, muehlhaus etc., Galerie f\u00fcr Fotografie, Troisdorf<br \/>\n<i>books for sale<\/i>, Galerie und Projektraum bautzner69, Dresden<br \/>\n<i>konzeptionelle Fotografe &#8211; Anja Bohnhof<\/i>, Stadtgalerie Klagenfurt, \u00d6sterreich<br \/>\n2011<br \/>\n<i>Abwesenheitsnotizen<\/i>, Galerie ETC, Troisdorf<br \/>\n2010<br \/>\n<i>Fremdesland<\/i>, Gedenkst\u00e4tte Roter Ochse, Halle\/Saale<br \/>\n<i>Fremdesland<\/i>, Stadtgalerie Elbeforum Brunsb\u00fcttel<br \/>\n<i>Abwesenheitsnotizen<\/i>, Haus am Horn, Weimar &amp; Hegenbarth-Archiv,<br \/>\nStaatliche Kunstsammlungen Dresden<br \/>\n2009<br \/>\n<i>Fremdesland<\/i>, bautzner69, Galerie und Projektraum, Dresden<br \/>\n<i>Ohne Uns!<\/i>, Prager Spitze, Motorenhalle Dresden<br \/>\n2008<br \/>\n<i>Abwesenheitsnotizen<\/i>, bautzner69, Galerie und Projektraum, Dresden<br \/>\n<i>Fremdr\u00e4ume<\/i>, DEW21, Dortmund<br \/>\n2006<br \/>\n<i>von gestern<\/i>, bautzner69, Galerie und Projektraum, Dresden<br \/>\n2004<br \/>\n<i>terra incognita<\/i>, bautzner69, Galerie und Projektraum, Dresden<br \/>\n<i>terra incognita<\/i>, Schanzenstern, Hamburg<br \/>\nDiplomausstellung <i>terra incognita<\/i>, Haus am Horn, Weimar<br \/>\n2003<br \/>\n<i>Geerbte Steine<\/i>, Foyer f\u00fcr junge Kunst, HypoVereinsbank, Hamburg<\/p>\n<p>&nbsp;<\/p>\n<p><b>Ausgew\u00e4hlte Gruppenausstellungen<\/b><br \/>\n2023<br \/>\n<i>love\/love<\/i>, K\u00fcnstlerhaus Dortmund, Dortmund<br \/>\n<i>the last drop in: die guten Werke<\/i>, Stift Klosterneuburg, \u00d6sterreich<br \/>\n2022<br \/>\n<i>Frauen Museum Wiesbaden<\/i>, Wiesbadener Fototage, Wiesbaden<br \/>\n<i>\u201eIdentit\u00e4t nicht nachgewiesen\u201c. Neuerwerbungen der Sammlung des Bundes<\/i>, Bundeskunsthalle, Bonn<br \/>\n<i>Ein Blick in Dortmunder Kunst<\/i>, Superraum, Br\u00fcckstra\u00dfe 64, Dortmund<br \/>\n<i>Inside India &#8211; Bharat Darshan. Eine fotografische Spurensuche ins Innere Indiens<\/i>, KunstRaum Duisburg, Mercatorhaus<br \/>\n2021<br \/>\n<i>Daily &#8211; Jeden Tag das Gleiche<\/i>, Kunstbezirk Stuttgart<br \/>\n2019<br \/>\n<i>Indiennes.Stoff f\u00fcr tausend Geschichten<\/i>, Landesmuseum Z\u00fcrich, Schweiz<br \/>\n<i>DIE GROSSE 2019 &#8211; Let\u00b4s Start A New<\/i>, Kunstpalast D\u00fcsseldorf<br \/>\n<i><a href=\"https:\/\/www.galerie-m.com\/press.php?eid=177\">Galerie m | 3. Mai 1969 &#8211; 3. Mai 2019<\/a><\/i><br \/>\n2018<br \/>\n<i>Hier und Jetzt. Aktuelle Kunst in Westfalen<\/i>, Gustav-L\u00fcbcke-Museum, Hamm<br \/>\n<i>Foto-Reflexionen 06, Landesausstellung f\u00fcr Fotografie in Schleswig-Holstein<\/i>, Stadtgalerie im Elbforum Brunsb\u00fcttel<br \/>\n<i>INDIA<\/i>, MDR Landesfunkhaus Sachsen-Anhalt, Magdeburg<br \/>\n<i>Verlust<\/i>, Sakralmuseum, Kamenz<br \/>\n<i>DIE GROSSE<\/i>, Stiftung Museum Kunstpalast, D\u00fcsseldorf<br \/>\n2017<br \/>\n<i>DEW21 Kunstpreis 2017<\/i>, Dortmunder U, Zentrum f\u00fcr Kunst und Kreativit\u00e4t, Dortmund<br \/>\n<i>Europ\u00e4ischer Architekturfotografie-Preis<\/i>, Dt.Architekturmuseum, Frankfurt a.M.<br \/>\n2016<br \/>\n<i>Menschenr\u00e4ume<\/i>, Odonien, 68elf e.V., Photoszene K\u00f6ln<br \/>\n<i>Die Fotografie und die Dinge<\/i>, Residenzschloss, Staatl. Kunstsammlungen Dresden<br \/>\n<i>what we provide<\/i>, Atelierhaus Salzamt, Linz, \u00d6sterreich<br \/>\n<i>Gro\u00dfe Kunstausstellung NRW<\/i>, museum kunst palast, D\u00fcsseldorf<br \/>\n<i>Portrait \u2013Hellerau Photography Award<\/i>, Festspielhaus Hellerau, Dresden<br \/>\n2015<br \/>\n<i>Language of Memory<\/i>, Photovisa 2015, Fotofestival, Krasnodar, Russland<br \/>\n<i>Sachsen-Art Preistr\u00e4gerausstellung 2002-2013<\/i>, Kunstraum Dresden<br \/>\n<i>Freiraum<\/i>, Kunstverein Plettenberg<br \/>\n<i>Experimento BIO<\/i>, Historiko Room, Bilbao, Spanien<br \/>\n<i>Kunstbox Fotografie<\/i>, Depot, Dortmund<br \/>\n2014<br \/>\n<i>Kochi Muziris Biennale, Pepper House Residency Exhibition<\/i>, Kochi, Indien<br \/>\n<i>DEW21 Kunstpreis<\/i>, Museum f\u00fcr Kunst und Kulturgeschichte, Dortmund<br \/>\n<i>Wirklichkeit und Konstruktion<\/i>, Stadtgalerie Klagenfurt, Austria<br \/>\n<i>Kuboshow<\/i>, Kunstmesse Flottmannhallen, Herne<br \/>\n<i>Das Fahrrad<\/i>, Museum der Arbeit, Hamburg<br \/>\n<i>Mensch und Arbeit<\/i>, Museum Z\u00fcndorfer Wehrturm, Intern. Photoszene K\u00f6ln<br \/>\n<i>Poesie des Funktionalen<\/i>, Neue Schule f\u00fcr Fotografie, Berlin<br \/>\n<i>Bilder des Menschen, Sammlung Braus<\/i>, Mannheimer Kunstverein<br \/>\n<i>einblicke<\/i>, St\u00e4dtischer Kunstankauf, Galerie Torhaus Rombergpark, Dortmund<br \/>\n2013<br \/>\n<i>Affordable Art Fair<\/i>, Galerie St. Gertrude, Hamburg<br \/>\n<i>The Poetry of the Functional<\/i>, Intern. Marianne Brandt Contest,<br \/>\nS\u00e4chsisches Industriemuseum, Chemnitz<br \/>\n<i>Concrete Poetry<\/i>, Kunstmuseum Bochum<br \/>\n<i>Grand Prix 2013<\/i>, 12th Intern. Festival of Photography, Lodz, PL<br \/>\n<i>Kunstpreis 2013<\/i>, Pf\u00e4lzische Sezession, Neustadt<br \/>\n2012<br \/>\n<i>Gro\u00dfe Kunstausstellung NRW<\/i>, museum kunst palast, D\u00fcsseldorf (Kat.)<br \/>\n<i>Opus Fotopreis 2011<\/i>, Kunst in der Rotunde, Deutsche Bundesbank, Mainz<br \/>\n<i>R\u00e4ume<\/i>, QQTec-Galerie, Hilden (Kat.)<br \/>\n<i>Zeitwert<\/i>, Museum f. angewandte Kunst, Gera<br \/>\n2011<br \/>\n<i>F\u00fcr die mit der Sehnsucht<\/i>, Kunstraum Peripherie, Coburg<br \/>\n<i>R\u00e4ume &#8211; acht k\u00fcnstlerische Positionen<\/i>, Badisches Kunstforum, Freiburg<br \/>\n<i>Verbote im Kunstrau<\/i>, Leopold Museum, Wien<br \/>\n<i>Opus<\/i>, Galerie der HBK Saar, Saarbr\u00fccken (Kat.)<br \/>\n2010<br \/>\n<i>Archifoto 2010<\/i>, Palais Universitaire, Strasbourg<br \/>\n<i>Photo Festival Russia<\/i>, Novosibirk State Art Museum, Sibirien (Kat.)<br \/>\n<i>Local Heroes &#8211; Perspektiven<\/i>, Kulturstiftung Sparkasse Unna (Kat.)<br \/>\n<i>9. Aenne-Biemann-Preis<\/i>, Museum f. angewandte Kunst, Gera (Kat.)<br \/>\n<i>Photo Speaks &#8211; 2nd Intern. Festival for Photography<\/i>, Galerie Iang, Seoul, Korea (Kat.)<br \/>\n2009<br \/>\n<i>Bauhaus Team Positions<\/i>, Galerie Stadtspeicher Jena<br \/>\n<i>junger westen 09<\/i>, Kunsthalle Recklinghausen (Kat.)<br \/>\n<i>Visual Leader 2009<\/i>, Deichtorhallen, Hamburg<br \/>\n<i>International Festival for Photography and Video<\/i>, Goeun Museum, Busan, S\u00fcdkorea (Kat.)<br \/>\n2008<br \/>\n<i>Tickle Attack<\/i>, Backlihgt 08, Goethe-Institut Helsinki, Finnland (Kat.)<br \/>\n<i>Beyond Walls<\/i>, Noorderlicht, Fries Museum, Leeuwarden, Niederlande (Kat.)<br \/>\n<i>floating colours<\/i>, LWL-Industriemuseum, Zeche Zollern, Dortmund<br \/>\n<i>Gro\u00dfe Kunstausstellung NRW<\/i>, Kunstpalast D\u00fcsseldorf (Kat.)<br \/>\n<i>Querdenker &#8211; vom Kopf an die Wand<\/i>, Darmst\u00e4dter Tage der Fotografie, Galerie Maria Kohl (Kat.)<br \/>\n2007<br \/>\n<i>Appara\u00eetre\/Dispara\u00eetre &#8211; Un album allemand<\/i>, Galerie Conde, Goethe-Institut, Paris<br \/>\n<i>Childhood in Square<\/i>, Photo Days 07, Kaunas, Litauen (Kat.)<br \/>\n<i>Poesie des Funktionalen<\/i>, S\u00e4chsisches Industriemuseum, Chemnitz und<br \/>\nStaatsministerium f\u00fcr Kunst und Wissenschaft, Dresden (Kat.)<br \/>\n<i>DEW21 Kunstpreis 2007<\/i>, Dortmund<br \/>\n<i>I can only see things when I move<\/i>, Residenzschloss, Dresden (Kat.)<br \/>\n<i>The second view<\/i>, Neufert Box, Weimar (Kat.)<br \/>\n<i>cedefop award: People at work<\/i>, Museum of Photography, Thessaloniki, Griechenland (Kat.)<br \/>\n<i>Atlantica Colectivas<\/i>, Fotonoviembre Tenerife, Santa Cruz (Kat.)<br \/>\n<i>Ego &#8211; fotografische Positionen zum Ich<\/i>, Wiesbadener Fototage, Wiesbaden (Kat.)<br \/>\n<i>Grenzenlos Blau<\/i>, Kunstverein Eisenturm Mainz, MBV-Forum, Mainz<br \/>\n<i>Fotosommer Stuttgart<\/i>, W\u00fcrtembergischer Kunstverein, Stuttgart (Kat.)<br \/>\n<i>Erscheinen \/ Verschwinden- ein deutsches Album<\/i>, Bunkier Sztuki, Krakau Polen (Kat.)<br \/>\n<i>sachsen_art<\/i>, Neuer S\u00e4chsischer Kunstverein, Dresden<br \/>\n<i>Leben<\/i>, Weldekunstpreis, Plankstadt<br \/>\n2006<br \/>\n<i>International Fotofestival Lodz<\/i>, Patio Centrum Sztuki, Lodz, Polen (Kat.)<br \/>\n<i>12. Leipziger Bildermesse<\/i>, Russischer Pavillion, Leipzig<br \/>\n<i>Gro\u00dfe Kunstausstellung Halle<\/i>, Villa Kobe, Halle (Kat.)<br \/>\n<i>Gegens\u00e4tze<\/i>, 28. Internationale Hollfelder Kunstausstellung, Hollfeld (Kat.)<br \/>\n<i>30 x 30 x 30<\/i>, Kunstverein Das Damianstor, Bruchsal<br \/>\n2005<br \/>\n<i>Gro\u00dfe Kunstausstellung NRW 2005<\/i>, Messe D\u00fcsseldorf (Kat.)<br \/>\n<i>Gro\u00dfe Kunstausstellung Halle<\/i>, Villa Kobe, Halle (Kat.)<br \/>\n<i>Mitten ins Herz &#8211; das Ph\u00e4nomen Kitsch<\/i>, Stadthalle Detmold (Kat.)<br \/>\n<i>private space<\/i>, International Fotofestiwal Lodz, Gallery Ikona, Lodz Polen<br \/>\n<i>Fotosommer Kodak Award<\/i>, Fotosommer Stuttgart (Kat.)<br \/>\n<i>Die Kunst Deutsche(r) zu sein<\/i>, 7. Internationale Fototage Mannheim|Ludwigshafen (Kat.)<br \/>\n<i>geschossen &amp; gedruckt<\/i>, Seltmann Druck, St\u00e4dtische Galerie L\u00fcdenscheid<br \/>\n<i>Barrieren<\/i>, Mia Krone Stiftung, K\u00fcnstlerhaus am Lenbachplatz, M\u00fcnchen<br \/>\n<i>Lust<\/i>, Weldekunstpreis, Plankstadt<br \/>\n2004<br \/>\n<i>Gro\u00dfe Kunstausstellung NRW 2004<\/i>, Kunstpalast, D\u00fcsseldorf (Kat.)<br \/>\n<i>working situations<\/i>, bautzner69, Galerie und Projektraum, Dresden<br \/>\n<i>photofaircologne<\/i> &#8211; F\u00f6rderprogr. f. junge Kunst, 17. Intern. Photoszene, Belgisches Haus, K\u00f6ln<br \/>\n<i>Academy meets photokina<\/i>, Hochschulsonderzentrum, Photokina, K\u00f6ln<br \/>\n<i>Rencontres de Molsheim<\/i>, Molsheim, Frankreich<br \/>\n<i>10. Kunstausst. Natur-Mensch<\/i>, Nationalpark Harz, St. Andreasberg (Kat.)<br \/>\n<i>Grenzf\u00e4lle<\/i>, Kunstwoche Jesteburg (Kat.)<br \/>\n<i>Gro\u00dfe Kunstausstellung Halle<\/i>, Villa Kobe, Halle (Kat.)<br \/>\n<i>Deutschland sucht<\/i>, K\u00f6lnischer Kunstverein Die Br\u00fccke, K\u00f6ln (Kat.)<br \/>\n<i>Unbekannte Schwester. Unbekannter Bruder. Teil II<\/i>, Kunsthaus Dresden<br \/>\n2001<br \/>\n<i>Japan in Deutschland<\/i>, Technische Sammlungen, Dresden<br \/>\n<i>Territorien des Selbst<\/i> mit Johannes Puch, Architektur Haus K\u00e4rnten, Klagenfurt, Austria (Kat.)<\/p>\n<p>&nbsp;<\/p>\n<p><b>Einzelpublikationen<\/b><br \/>\n2019<br \/>\nTracking Gandhi, edition inventio Verlag<br \/>\n2015<br \/>\nAbwesenheitsnotizen mit Karen Weinert, Hesperus *print Verlag, Dresden<br \/>\nINDIA, Stadtgalerie im Elbeforum<br \/>\nTerritorien des Selbst mit Johannes Puch, Heyn Verlag, Klagenfurt<br \/>\nLove comes later mit Marlene Apmann, Revolver Publishing, Berlin<br \/>\n2014<br \/>\nBangalore, Text: Tilmann Rammstedt, Goethe-Institut Bangalore, Indien<br \/>\n2013<br \/>\nBahak, Revolver Publishing, Berlin (Nominierung Deutscher Fotobuchpreis 2014)<br \/>\n2012<br \/>\nStadt der B\u00fccher, Text: Ilija Trojanow, Langenm\u00fcller Verlag, M\u00fcnchen<br \/>\nbooks for sale, Hesperus Verlag, Potsdam<br \/>\nZu den Akten, Hesperus Verlag, Potsdam (Nominierung Deutscher Fotobuchpreis 2012)<br \/>\n2012<br \/>\nAbwesenheitsnotizen mit Karen Weinert, Hesperus Verlag, Potsdam<br \/>\n2009<br \/>\nInnere Angelegenheit, Hesperus Verlag, Potsdam<br \/>\nFremdesland, Hesperus Verlag, Potsdam<br \/>\n2008<br \/>\nFremdr\u00e4ume mit Karen Weinert, Hesperus Verlag, Potsdam<br \/>\n2006<br \/>\nvon gestern., Hesperus Verlag, Potsdam<\/p>\n<p>&nbsp;<\/p>\n<p><b>Sammelpublikation \/ Kataloge<\/b><br \/>\n2017<br \/>\nGrenzen | Borders, architekturbild e.V.<br \/>\n2016<br \/>\nPortraits &#8211; Hellerau Photography Award, Verlag der Kunstagentur Dresden<br \/>\nMenschenr\u00e4ume, Hg. 68elf, K\u00f6ln<br \/>\n2015<br \/>\nFreiraum, Hg. Werkstatt Plettenberg<br \/>\n2014<br \/>\nWirklichkeit &amp; Konstruktion, Hg. Stadtgalerie Klagenfurt<br \/>\nMensch und Arbeit, Hg. 68elf, K\u00f6ln<br \/>\n2013<br \/>\nPoesie des Funktionalen, Hg. Kunstverein Villa Arte e.V.<br \/>\n2012<br \/>\nConcrete Poetry, Hg. Kunstmuseum Bochum<br \/>\n2010<br \/>\nOPUS, Verlag Saarkultur<br \/>\nPerspektiven, Kettler Verlag, B\u00f6nen<br \/>\no.T., Kupferstichkabinett Dresden<br \/>\n9. Aenne Biermann Preis, Hg. Museum f\u00fcr angewandte Kunst Gera<br \/>\nohne uns!, efau Verlag, Risa<br \/>\n2009<br \/>\nPhoto Speaks, TheSociety of Korean Photography<br \/>\nJunger Westen, Kerber Verlag, Bielefeld<br \/>\nLead Awards Jahrbuch, Visual Leader 2009, Presse Fachverlag<br \/>\n2008<br \/>\nPhoto Speaks, The Society of Korean Photography<br \/>\nContemporary Photography Projects, People\u2018s Fine Art Publishing House, Seoul<br \/>\nPhotography as a Medium, People\u2018s Fine Art Publishing House, Seoul<br \/>\nI can see only things when I move, Deutscher Kunstverlag M\u00fcnchen<br \/>\nBeyond Walls, eastern europe before and beyond 1989, Groningen<br \/>\nQuerdenker &#8211; vom Kopf an die Wand, Hg. Darmst\u00e4dter Tage der Fotografie e.V.<br \/>\ntickle attack, Hg. Backlight Fotofestival, Finnland<br \/>\nErscheinen|Verschwinden &#8211; ein deutsches Album, Hg. Kunststiftung NRW<br \/>\nEGO- Fotografische Positionen zum Ich, 5.Wiesbadener Fotogtage<br \/>\n2007<br \/>\nFotosommer Stuttgart, Edition Braus<br \/>\nPhotomonth in Krakau, Hg. Foundation for Visual Arts<br \/>\nPoesie des Funktionalen, Hg: Kunstverein Villa Arte e.V.<br \/>\nThe Second View, Hg. Walter Bergmoser, Weimar<br \/>\nPeople At Work, Hg. cedefop, Museum of Photography, Thessaloniki<br \/>\n2006<br \/>\nWo bleibt die Zeit?, Berliner Wissenschaftsverlag<br \/>\nFotosommer Stuttgart, Edition Braus<br \/>\nDeutschland sucht, Hg. K\u00f6lnischer Kunstverein, revolver books, Frankfurt<br \/>\nport 02, Hg. Bauhaus Universit\u00e4t Weimar<br \/>\n2004<br \/>\n1. Dekade &#8211; Diplomarbeiten, Universit\u00e4tsverlag Weimar<br \/>\nTierfotografie, Universit\u00e4tsverlag Weimar<\/p>\n<p>&nbsp;<\/p>\n<p><b>Texte \u00fcber Fotografie<\/b><br \/>\n2017<br \/>\nEinf\u00fchrung Fremdenzimmer, G. Maurer &amp; E. Steiner, Heyn Verlag, Klagenfurt, \u00d6sterreich<br \/>\n2008<br \/>\nWissenschaftlicher Beitrag Das fotografische Bild im WWW mit Kolja Kracht,<br \/>\nin: Webwissenschaft &#8211; Eine Einf\u00fchrung, LIT Verlag, M\u00fcnster<\/p>\n<p>&nbsp;<\/p>\n<p><b>Magazine<\/b><br \/>\nDIE ZEIT; ZEITmagazin; tasveer journal; fountain ink; bozzetto;<br \/>\nposi+tive magazine; Magazin f\u00fcr Orte; India!Magazin; Verdi, taz; Aufbau Verlag;<br \/>\nAviso; Akademie der K\u00fcnste Berlin; H\u00e4user; PlanerIN; ProfiFoto; Photonews; Fotoheft;<br \/>\nartist window; HANT Magazin f\u00fcr Fotografie; Conde Nast Traveler China; P3 Fotografia<\/p>\n","protected":false},"excerpt":{"rendered":"<p>Biografie von Anja Bohnhof * 1974 Hagen Lebt und arbeitet in Dortmund &nbsp; Anja Bohnhofs Website &nbsp; &nbsp; 1991-93 Ausbildung [&hellip;]<\/p>\n","protected":false},"author":1,"featured_media":0,"parent":0,"menu_order":0,"comment_status":"closed","ping_status":"closed","template":"","meta":{"site-sidebar-layout":"default","site-content-layout":"","ast-site-content-layout":"default","site-content-style":"default","site-sidebar-style":"default","ast-global-header-display":"","ast-banner-title-visibility":"","ast-main-header-display":"","ast-hfb-above-header-display":"","ast-hfb-below-header-display":"","ast-hfb-mobile-header-display":"","site-post-title":"","ast-breadcrumbs-content":"","ast-featured-img":"","footer-sml-layout":"","ast-disable-related-posts":"","theme-transparent-header-meta":"default","adv-header-id-meta":"","stick-header-meta":"","header-above-stick-meta":"","header-main-stick-meta":"","header-below-stick-meta":"","astra-migrate-meta-layouts":"set","ast-page-background-enabled":"default","ast-page-background-meta":{"desktop":{"background-color":"var(--ast-global-color-4)","background-image":"","background-repeat":"repeat","background-position":"center center","background-size":"auto","background-attachment":"scroll","background-type":"","background-media":"","overlay-type":"","overlay-color":"","overlay-opacity":"","overlay-gradient":""},"tablet":{"background-color":"","background-image":"","background-repeat":"repeat","background-position":"center center","background-size":"auto","background-attachment":"scroll","background-type":"","background-media":"","overlay-type":"","overlay-color":"","overlay-opacity":"","overlay-gradient":""},"mobile":{"background-color":"","background-image":"","background-repeat":"repeat","background-position":"center center","background-size":"auto","background-attachment":"scroll","background-type":"","background-media":"","overlay-type":"","overlay-color":"","overlay-opacity":"","overlay-gradient":""}},"ast-content-background-meta":{"desktop":{"background-color":"var(--ast-global-color-5)","background-image":"","background-repeat":"repeat","background-position":"center center","background-size":"auto","background-attachment":"scroll","background-type":"","background-media":"","overlay-type":"","overlay-color":"","overlay-opacity":"","overlay-gradient":""},"tablet":{"background-color":"var(--ast-global-color-5)","background-image":"","background-repeat":"repeat","background-position":"center center","background-size":"auto","background-attachment":"scroll","background-type":"","background-media":"","overlay-type":"","overlay-color":"","overlay-opacity":"","overlay-gradient":""},"mobile":{"background-color":"var(--ast-global-color-5)","background-image":"","background-repeat":"repeat","background-position":"center center","background-size":"auto","background-attachment":"scroll","background-type":"","background-media":"","overlay-type":"","overlay-color":"","overlay-opacity":"","overlay-gradient":""}},"_vp_format_video_url":"","_vp_image_focal_point":[],"footnotes":""},"class_list":["post-286","page","type-page","status-publish","hentry"],"_links":{"self":[{"href":"https:\/\/dev.m-bochum.de\/index.php\/wp-json\/wp\/v2\/pages\/286","targetHints":{"allow":["GET"]}}],"collection":[{"href":"https:\/\/dev.m-bochum.de\/index.php\/wp-json\/wp\/v2\/pages"}],"about":[{"href":"https:\/\/dev.m-bochum.de\/index.php\/wp-json\/wp\/v2\/types\/page"}],"author":[{"embeddable":true,"href":"https:\/\/dev.m-bochum.de\/index.php\/wp-json\/wp\/v2\/users\/1"}],"replies":[{"embeddable":true,"href":"https:\/\/dev.m-bochum.de\/index.php\/wp-json\/wp\/v2\/comments?post=286"}],"version-history":[{"count":18,"href":"https:\/\/dev.m-bochum.de\/index.php\/wp-json\/wp\/v2\/pages\/286\/revisions"}],"predecessor-version":[{"id":480,"href":"https:\/\/dev.m-bochum.de\/index.php\/wp-json\/wp\/v2\/pages\/286\/revisions\/480"}],"wp:attachment":[{"href":"https:\/\/dev.m-bochum.de\/index.php\/wp-json\/wp\/v2\/media?parent=286"}],"curies":[{"name":"wp","href":"https:\/\/api.w.org\/{rel}","templated":true}]}}