{"id":489,"date":"2024-07-04T12:41:02","date_gmt":"2024-07-04T12:41:02","guid":{"rendered":"https:\/\/dev.m-bochum.de\/?page_id=489"},"modified":"2024-07-04T12:45:58","modified_gmt":"2024-07-04T12:45:58","slug":"richard-serra-bio","status":"publish","type":"page","link":"https:\/\/dev.m-bochum.de\/index.php\/richard-serra-bio\/","title":{"rendered":"Richard Serra Bio"},"content":{"rendered":"<div class=\"subhl\"><b><img loading=\"lazy\" decoding=\"async\" class=\"alignleft size-full wp-image-491\" src=\"https:\/\/dev.m-bochum.de\/wp-content\/uploads\/2024\/07\/SerraPortrait_240.jpg\" alt=\"\" width=\"240\" height=\"235\" \/><span style=\"color: #333333;\">Biografie von Richard Serra<\/span><\/b><\/div>\n<p><span style=\"color: #333333;\">* 2.11.1938 San Francisco, Kalifornien\u00a0<\/span><\/p>\n<p><span style=\"color: #333333;\">\u2020 26.03.2024 Long Island, New York<\/span><\/p>\n<p>&nbsp;<\/p>\n<p>&nbsp;<\/p>\n<p>&nbsp;<\/p>\n<p>&nbsp;<\/p>\n<p><span style=\"color: #333333;\"><b>Leben und Werk<\/b><\/span><br \/>\n<span style=\"color: #333333;\">1957-1961<\/span><br \/>\n<span style=\"color: #333333;\">Studium an der University of California in Berkeley und Santa Barbara. Abschlu\u00df als Bachelor in englischer Literatur.<\/span><br \/>\n<span style=\"color: #333333;\">1961-1964<\/span><br \/>\n<span style=\"color: #333333;\">Studium an der Yale University in New Haven\/Connecticut. Abschlu\u00df als Bachelor und als Master in bildender Kunst. Zusammenarbeit mit Josef Albers an dessen Buch Interaction of Color (1963).<\/span><br \/>\n<span style=\"color: #333333;\">1964-1965<\/span><br \/>\n<span style=\"color: #333333;\">Einj\u00e4hriger Paris-Aufenthalt mit einem Stipendium der Yale University. Lernt Philip Glass kennen.<\/span><br \/>\n<span style=\"color: #333333;\">1966<\/span><br \/>\n<span style=\"color: #333333;\">Einj\u00e4hriger Aufenthalt in Florenz mit einem Fulbright-Stipendium. Erste Einzelausstellung in der Galleria La Salita in Rom. Reisen nach Spanien und Nordafrika. Zieht nach New York.<\/span><\/p>\n<p><span style=\"color: #333333;\">1967<\/span><br \/>\n<span style=\"color: #333333;\">Beginnt Richard Serra Werke aus Gummi und Neonr\u00f6hren herzustellen.<\/span><br \/>\n<span style=\"color: #333333;\">1968-1969<\/span><br \/>\n<span style=\"color: #333333;\">Beginn der Zusammenarbeit mit der Leo Castelli Gallery, New York. Schafft Werk aus geschmolzenem und gegossenem Blei (Splashings und Castings). Ausstellung von Lead Rolls und Lead Props im Solomon R. Guggenheim Museum in New York. Erste Studiofilme und erste Linienzeichnungen. Beginnt, mit CorTen-Stahl zu arbeiten: Erarbeitet mit Unterst\u00fctzung des Los Angeles County Museum of Art die Scullcracker-Serie auf dem Gel\u00e4nde der Kaiser Steel Corporation in Fontana, Kalifornien. Erste gro\u00dfformatige Werke aus Stahl f\u00fcr Innenr\u00e4ume. Zusammenarbeit mit Joan Jonas in den Bereichen Video, Film und Performance. Erste Einzelausstellung in den USA im Castelli Warehouse, New York. F\u00fchrt Splash Piece: Casting im Atelier von Jasper Johns in New York aus. Beteiligung an Gruppenausstellungen, z. B. New Media, New Methods im Museum of Modern Art, New York, Op Losse Schroeven, Stedelijk Museum Amsterdam, und When Attitudes Become Form in der Kunsthalle Bern.<\/span><br \/>\n<span style=\"color: #333333;\">1970<\/span><br \/>\n<span style=\"color: #333333;\">Reise nach Japan. Teilnahme an der Biennale von Tokyo. Installiert To Encircle Base Plate Hexagram, Right Angles Inverted im Ueno-Park in Tokyo. Arbeitet in Kyoto. Erh\u00e4lt ein Guggenheim Stipendium. Installiert To Encircle Base Plate Hexagram, Right Angles Inverted in einer Stra\u00dfe in der Bronx, New York. Beginnt mit Pulitzer Piece: Stepped Elevations in St. Louis und Shift in King City, Kanada, die Arbeit mit gro\u00dfformatigen Landschaftsskulpturen.<\/span><br \/>\n<span style=\"color: #333333;\">1971<\/span><br \/>\n<span style=\"color: #333333;\">Erste schwarze Leinwandzeichnungen.<\/span><br \/>\n<span style=\"color: #333333;\">1972<\/span><br \/>\n<span style=\"color: #333333;\">Ausstellung von Circuit auf der documenta 5 in Kassel.<\/span><\/p>\n<p><span style=\"color: #333333;\">1975<\/span><br \/>\n<span style=\"color: #333333;\">Skulpturenpreis der Skowhegan School of Painting and Sculpture. Dreht den Film Railroad Turnbridge in Portland\/Oregon. Beginn der Zusammenarbeit mit Alexander v. Berswordt-Wallrabe, Galerie m Bochum.<\/span><\/p>\n<p><span style=\"color: #333333;\">1977v Ausstellung von Zeichnungen im Stedelijk Museum, Amsterdam. Realisiert in der Henrichsh\u00fctte der Hattinger Thyssen-Stahlwerke Berlin Block for Charlie Chaplin, eine Skulptur aus geschmiedetem Stahl f\u00fcr die Nationalgalerie in Berlin. Zeigt Terminal auf der documenta 6. Installiert die Skulptur tot im Innenhof der Galerie m, Bochum.<\/span><\/p>\n<p><span style=\"color: #333333;\">1979<\/span><br \/>\n<span style=\"color: #333333;\">Erh\u00e4lt von der General Services Administration (GSA) den Auftrag f\u00fcr eine ortsspezifische Skulptur auf der Federal Plaza in New York. Dreht zusammen mit Clara Weyergraf den Film Steelmill\/Stahlwerk in der Henrichsh\u00fctte in Hattingen. Kampagne der CDU im Landtagswahlkampf gegen die Installation von Terminal in Bochum.<\/span><\/p>\n<p><span style=\"color: #333333;\">1980<\/span><br \/>\n<span style=\"color: #333333;\">St. John&#8217;s Rotary Arc und T.W.U. werden in New York aufgebaut. Installation der Landschaftsskulptur Open Field Vertical\/Horizontal Elevations in Riehen bei Basel.<\/span><\/p>\n<p><span style=\"color: #333333;\">1981<\/span><br \/>\n<span style=\"color: #333333;\">Installation von Tilted Arc auf der Federal Plaza in New York. Erh\u00e4lt den Kaiserring der Stadt Goslar und installiert dort die Skulptur Gedenkst\u00e4tte.<\/span><\/p>\n<p><span style=\"color: #333333;\">1983<\/span><br \/>\n<span style=\"color: #333333;\">Ehrenmitglied der Bezalel Academy in Jerusalem. Aufenthalt in Japan. Im Rahmen einer Einzelausstellung im Centre Pompidou Installation von Clara-Clara in den Tuilerien in Paris. Installation von Fassbinder im Westf\u00e4lischen Landesmuseum in M\u00fcnster.<\/span><\/p>\n<p><span style=\"color: #333333;\">1984<\/span><br \/>\n<span style=\"color: #333333;\">Installation von La Palmera, einer Skulptur aus zwei Betonkurven, in Barcelona sowie von Slat in La D\u00e9fense bei Paris und Sean&#8217;s Spiral in Dublin.<\/span><\/p>\n<p><span style=\"color: #333333;\">1985<\/span><br \/>\n<span style=\"color: #333333;\">Installation von Clara-Clara auf dem Square de Choisy in Paris. Aufbau von Carnegie vor dem Museum of Art des Carnegie Institute in Pittsburgh. Erh\u00e4lt die Carnegie-Medaille.<\/span><\/p>\n<p><span style=\"color: #333333;\">1986<\/span><br \/>\n<span style=\"color: #333333;\">Retrospektive im Museum of Modern Art, New York. Realisation von Olson und Call me Ishmael. Installiert die innenraumbezogene Skulptur Equal Parallel: Guernica-Bengasi im Centro de Arte Reina Sofia in Madrid. Installation der Landschaftsskulptur Porten i Slugten im Park des Louisiana Museum in Humleb\u00e6k bei Kopenhagen.<\/span><\/p>\n<p><span style=\"color: #333333;\">1987<\/span><br \/>\n<span style=\"color: #333333;\">Aufbau der Skulptur Berlin Junction vor dem Martin-Gropius-Bau, die 1988 auf Dauer vor der Berliner Philharmonie von Hans Scharoun installiert wird. Realisiert Street Level und Spiral Sections f\u00fcr die documenta 8. Arbeit an einer Reihe von flachen Wall Props. Ausstellung Sieben R\u00e4ume &#8211; Sieben Skulpturen im Lenbachaus in M\u00fcnchen, das alle ausgestellten Skulpturen erwirbt.<\/span><\/p>\n<p><span style=\"color: #333333;\">1988<\/span><br \/>\n<span style=\"color: #333333;\">Installation der geschmiedeten Rundplastik One im Park des Rijksmuseum Kr\u00f6ller-M\u00fcller in Otterlo, Niederlande. Realisation der Skulptur Maillart Extended an den beiden Enden der Grandfey-Eisenbahnbr\u00fccke zwischen Bern und Fribourg, Schweiz. Ausstellung von Zeichnungsinstallationen in der Kunsthalle Basel. Ausstellung von zehn Skulpturen im Van Abbemuseum in Eindhoven, Niederlande.<\/span><\/p>\n<p><span style=\"color: #333333;\">1989<\/span><br \/>\n<span style=\"color: #333333;\">Zerst\u00f6rung von Tilted Arc durch die amerikanische Bundesregierung. Installation der Vertikalskulptur Axis vor der von Philip Johnson erbauten Kunsthalle in Bielefeld. Circuit III wird in einem Raum von Situation Kunst, einem Teil der Kunstsammlungen der Ruhr-Universit\u00e4t Bochum, auf Dauer installiert. Installation von Standing Stones, einer landschaftsbezogenen Skulptur aus Granitbl\u00f6cken, im Des Moines Art Center in Iowa. Zusammenarbeit mit Min Tanaka f\u00fcr eine Tanz-Performance an der Pariser Op\u00e9ra Comique. Installation von Shaft vor dem Museet for Samtidskunst in Oslo und von Trunk in Sankt Gallen.<\/span><\/p>\n<p><span style=\"color: #333333;\">1990<\/span><br \/>\n<span style=\"color: #333333;\">Errichtet Stacks im Yale University Museum. Installiert im Rahmen von Einzelausstellungen The Hours of the Day im Kunsthaus Z\u00fcrich und Threats of Hell im capc Mus\u00e9e d&#8217;art contemporain in Bordeaux. Errichtet Afangar auf der Insel Videy bei Reykjavik, Island. Ausstellung Tekeningen\/Drawings im Bonnefantenmuseum Maastricht.<\/span><\/p>\n<p><span style=\"color: #333333;\">1991<\/span><br \/>\n<span style=\"color: #333333;\">Erh\u00e4lt in Duisburg den Wilhelm-Lehmbruck-Preis f\u00fcr Skulptur. Installation von Octagon for St. Eloi vor der Kirche St. Martin in Chagny, Frankreich. Auftrag f\u00fcr eine Skulptur im US Holocaust Memorial in Washington DC. Installation von Schunnemonk Fork im Storm King Art Center in Mountainville, New York.<\/span><\/p>\n<p><span style=\"color: #333333;\">1992<\/span><br \/>\n<span style=\"color: #333333;\">Ausstellung von Weight and Measure, einer innenraumbezogenen Skulptur aus zwei geschmiedeten Bl\u00f6cken, in der Tate Gallery in London. Retrospektive im Centro de Arte Reina Sofia in Madrid. Installation von Intersection auf dem Theaterplatz in Basel (die Skulptur wird sp\u00e4ter mit breiter Unterst\u00fctzung aus der Baseler B\u00fcrgerschaft erworben). Ausstellung von Running Arcs (for John Cage) in der Kunstsammlung Nordrhein-Westfalen, D\u00fcsseldorf. Realisiert The Drowned and the Saved f\u00fcr die Synagoge in Stommeln bei K\u00f6ln. Die Stadt Hamburg erwirbt T.W.U. (installiert vor den Deichtorhallen). Realisation von Gutter Splash, Two Corner Cast in der Stichting de Pont in Tilburg, Niederlande. Installation von Torque auf dem Campus der Universit\u00e4t Saarbr\u00fccken sowie von Greenpoint f\u00fcr die Universit\u00e4t von Nebraska in Lincoln. Preis des Sculpture Center, New York.<\/span><\/p>\n<p><span style=\"color: #333333;\">1993<\/span><br \/>\n<span style=\"color: #333333;\">Installation von Elevations for L&#8217;All\u00e9e de La Mormaire bei Paris.<\/span><\/p>\n<p><span style=\"color: #333333;\">1994<\/span><br \/>\n<span style=\"color: #333333;\">The Hours of the Day wird auf Dauer im Bonnefantenmuseum Maastricht installiert. Ausstellung Drawings and Prints im National Museum of Art, Osaka. Ausstellung von Weight and Measure Drawings im Drawing Center, New York.<\/span><\/p>\n<p><span style=\"color: #333333;\">1996<\/span><br \/>\n<span style=\"color: #333333;\">Installation von Exchange auf dem Plateau Kirchberg in Luxemburg. Realisation von Sea Level, einer Landschaftsskulptur aus Betonelementen, in Zeewolde, Niederlande. Installation von Crottorf Elevations im Schlo\u00dfpark von Crottorf sowie von Dialogue with Johann Conrad Schlaun vor dem R\u00fcschhaus in M\u00fcnster. Realisation der Splashing-Skulptur Measurements of Time (Seeing is Believing) f\u00fcr die Galerie der Gegenwart der Hamburger Kunsthalle.<\/span><\/p>\n<p><span style=\"color: #333333;\">1997<\/span><br \/>\n<span style=\"color: #333333;\">The Drowned and the Saved wird auf Dauer in der Kirchenruine St. Kolumba in K\u00f6ln installiert. Installation der Kurvenskulptur Snake im Guggenheim-Museum in Bilbao. Ausstellung von Torqued Ellipses im Dia Center for the Arts, New York.<\/span><\/p>\n<p><span style=\"color: #333333;\">1998<\/span><br \/>\n<span style=\"color: #333333;\">Installation von Lemgo Vectors (Elevations for Walter) im STAFF Landschaftspark, Lemgo. Einzelausstellung im MOCA Museum of Contemporary Art in Los Angeles. Installation von Bramme (f\u00fcr das Ruhrgebiet) auf der von Richard Serra zuvor gestalteten Schurenbachhalde in Essen.<\/span><\/p>\n<p><span style=\"color: #333333;\">1999<\/span><br \/>\n<span style=\"color: #333333;\">Einzelausstellung im Guggenheim Museum Bilbao (Torqued Ellipses) und in den Mercati di Traiano in Rom. Ausstellung Druckgrafik 1972-1999, Museum Kurhaus Kleve, k\/haus K\u00fcnstlerhaus Wien, Staatsgalerie Stuttgart, Kunstsammlungen Chemnitz, SMAK Stedelijk Museum voor actuele Kunst, Gent.<\/span><\/p>\n<p><span style=\"color: #333333;\">2001<\/span><br \/>\n<span style=\"color: #333333;\">Ausstellung von Torqued Spirals bei der Biennale in Venedig.<\/span><\/p>\n<p><span style=\"color: #333333;\">2003<\/span><br \/>\n<span style=\"color: #333333;\">Wird zum Mitglied im Orden Pour le M\u00e9rite f\u00fcr Wissenschaftler und K\u00fcnstler in Berlin ernannt. Ausstellung der Spirale Naples auf der Piazza del Plebiscito in Neapel.<\/span><\/p>\n<p><span style=\"color: #333333;\">2004<\/span><br \/>\n<span style=\"color: #333333;\">Einzelausstellung im Museo Archelogico Nazionale, Neapel. Installation von Dirk&#8217;s Pod im Novartis Campus, Basel.<\/span><\/p>\n<p><span style=\"color: #333333;\">2006<\/span><br \/>\n<span style=\"color: #333333;\"><i>Summertime<\/i>, <a style=\"color: #333333;\" href=\"https:\/\/www.galerie-m.com\/press.php?eid=66\" target=\"_blank\" rel=\"noopener\">Galerie m, Bochum<\/a>, Gruppenausstellung<\/span><\/p>\n<p><span style=\"color: #333333;\">2007<\/span><br \/>\n<span style=\"color: #333333;\"><i>Sculpture: Forty Years <\/i>, The Museum of Modern Art, New York<\/span><\/p>\n<p><span style=\"color: #333333;\">2008<\/span><br \/>\n<span style=\"color: #333333;\"><i>Zeichnungen und Druckgrafik, <\/i>Museum f\u00fcr Gegenwartskunst, Siegen<\/span><br \/>\n<span style=\"color: #333333;\"><i>Monumenta<\/i>, Grand Palais, Paris<\/span><br \/>\n<span style=\"color: #333333;\"><i>Drawings | Work Comes Out of Work<\/i>, <a style=\"color: #333333;\" href=\"https:\/\/www.kunsthaus-bregenz.at\/presse\/richard-serra\" target=\"_blank\" rel=\"noopener\">Kunsthaus Bregenz<\/a><\/span><br \/>\n<span style=\"color: #333333;\"><i>Filme<\/i>, KW Institute for Contemporary Art, Berlin<\/span><\/p>\n<p><span style=\"color: #333333;\">2011<\/span><br \/>\n<span style=\"color: #333333;\"><i>Paperworks<\/i>, Museum Pfalzgalerie Kaiserslautern, Kunsthalle Rostock<\/span><br \/>\n<span style=\"color: #333333;\"><i>Richard Serra Drawing &#8211; A Retrospective<\/i>, The Metropolitan Museum of Art, San Francisco Museum of Modern Art<\/span><br \/>\n<span style=\"color: #333333;\"><i>Brancusi | Serra<\/i>, Fondation Beyeler, Riehen bei Basel<\/span><br \/>\n<span style=\"color: #333333;\"><i>Extended Drawing<\/i>, Bonnefantenmuseum, Maastricht<\/span><\/p>\n<p><span style=\"color: #333333;\">2013<\/span><br \/>\n<span style=\"color: #333333;\">Richard Serra in: <i>Moving. Norman Foster on Art<\/i>, Carr\u00e9 d&#8217;Art &#8211; Mus\u00e9e d&#8217;Art Contemporain, N\u00eemes<\/span><\/p>\n<p><span style=\"color: #333333;\">2015<\/span><br \/>\n<span style=\"color: #333333;\">in: <i>Green City. Geformte Landschaft &#8211; Vernetzte Natur. Das Ruhrgebiet in der Kunst<\/i>, Ludwiggalerie Schloss Oberhausen<\/span><br \/>\n<span style=\"color: #333333;\"><a style=\"color: #333333;\" href=\"https:\/\/www.galerie-m.com\/press.php?eid=135\" target=\"_blank\" rel=\"noopener\"><i>Druckgrafik<\/i><\/a>, Galerie m Bochum<\/span><br \/>\n<span style=\"color: #333333;\"><i>gleich und gleich und gleich und anders. Serialisierungen in der Kunst seit den 1960er Jahren<\/i>, Situation Kunst, Bochum<\/span><\/p>\n<p><span style=\"color: #333333;\">2017<\/span><br \/>\n<span style=\"color: #333333;\"><i>Drawings 2015-2017<\/i>, Museum Boijmans Van Beuningen, Rotterdam<\/span><br \/>\n<span style=\"color: #333333;\">in: <i>Props, Films, Early Works<\/i>, Museum Wiesbaden<\/span><br \/>\n<span style=\"color: #333333;\">in: <i>FARBE<\/i>, KunstRaum, Duisburg<\/span><\/p>\n<p><span style=\"color: #333333;\">2019<\/span><br \/>\n<span style=\"color: #333333;\">in: <i>Negativer Raum<\/i>, Zetrum f\u00fcr Kunst und Medien, Karlsruhe<\/span><br \/>\n<span style=\"color: #333333;\"><a style=\"color: #333333;\" href=\"https:\/\/www.kunstgebiet.ruhr\/kunstrouten\/kuenstler\/richard-serra-tour\/?utm_source=CleverReach&amp;utm_medium=email&amp;utm_campaign=23-05-2019+kgrnlkw+19-21&amp;utm_content=Mailing_11393624&amp;fbclid=IwAR3yjzv-Lp2qoG1Am9ZiJGGpAyudb8y4wQH3qCr0cPmLQbu482vFQCu7nlU\" target=\"_blank\" rel=\"noopener\">kunstgebiet.ruhr<\/a> Kunstroute von Bochum bis Duisburg, zu sieben Kunstwerken im \u00f6ffentlichen Raum von Richard Serra<\/span><br \/>\n<span style=\"color: #333333;\">2019<\/span><br \/>\n<span style=\"color: #333333;\"><i>Galerie m | 3. Mai 1969 &#8211; 3. Mai 2019<\/i><\/span><br \/>\n<span style=\"color: #333333;\">2020<\/span><br \/>\n<span style=\"color: #333333;\">in: <i>on paper- on colour<\/i>, KunstRaum, Duisburg<\/span><br \/>\n<span style=\"color: #333333;\">2022<\/span><br \/>\n<span style=\"color: #333333;\">in: <a style=\"color: #333333;\" href=\"https:\/\/www.galerie-m.com\/press.php?eid=187\" target=\"_blank\" rel=\"noopener\"><i>Antipoden<\/i><\/a>, Galerie m, Bochum<\/span><\/p>\n","protected":false},"excerpt":{"rendered":"<p>Biografie von Richard Serra * 2.11.1938 San Francisco, Kalifornien\u00a0 \u2020 26.03.2024 Long Island, New York &nbsp; &nbsp; &nbsp; &nbsp; Leben [&hellip;]<\/p>\n","protected":false},"author":1,"featured_media":0,"parent":0,"menu_order":0,"comment_status":"closed","ping_status":"closed","template":"","meta":{"site-sidebar-layout":"default","site-content-layout":"","ast-site-content-layout":"default","site-content-style":"default","site-sidebar-style":"default","ast-global-header-display":"","ast-banner-title-visibility":"","ast-main-header-display":"","ast-hfb-above-header-display":"","ast-hfb-below-header-display":"","ast-hfb-mobile-header-display":"","site-post-title":"","ast-breadcrumbs-content":"","ast-featured-img":"","footer-sml-layout":"","ast-disable-related-posts":"","theme-transparent-header-meta":"default","adv-header-id-meta":"","stick-header-meta":"","header-above-stick-meta":"","header-main-stick-meta":"","header-below-stick-meta":"","astra-migrate-meta-layouts":"set","ast-page-background-enabled":"default","ast-page-background-meta":{"desktop":{"background-color":"var(--ast-global-color-4)","background-image":"","background-repeat":"repeat","background-position":"center center","background-size":"auto","background-attachment":"scroll","background-type":"","background-media":"","overlay-type":"","overlay-color":"","overlay-opacity":"","overlay-gradient":""},"tablet":{"background-color":"","background-image":"","background-repeat":"repeat","background-position":"center center","background-size":"auto","background-attachment":"scroll","background-type":"","background-media":"","overlay-type":"","overlay-color":"","overlay-opacity":"","overlay-gradient":""},"mobile":{"background-color":"","background-image":"","background-repeat":"repeat","background-position":"center center","background-size":"auto","background-attachment":"scroll","background-type":"","background-media":"","overlay-type":"","overlay-color":"","overlay-opacity":"","overlay-gradient":""}},"ast-content-background-meta":{"desktop":{"background-color":"var(--ast-global-color-5)","background-image":"","background-repeat":"repeat","background-position":"center center","background-size":"auto","background-attachment":"scroll","background-type":"","background-media":"","overlay-type":"","overlay-color":"","overlay-opacity":"","overlay-gradient":""},"tablet":{"background-color":"var(--ast-global-color-5)","background-image":"","background-repeat":"repeat","background-position":"center center","background-size":"auto","background-attachment":"scroll","background-type":"","background-media":"","overlay-type":"","overlay-color":"","overlay-opacity":"","overlay-gradient":""},"mobile":{"background-color":"var(--ast-global-color-5)","background-image":"","background-repeat":"repeat","background-position":"center center","background-size":"auto","background-attachment":"scroll","background-type":"","background-media":"","overlay-type":"","overlay-color":"","overlay-opacity":"","overlay-gradient":""}},"_vp_format_video_url":"","_vp_image_focal_point":[],"footnotes":""},"class_list":["post-489","page","type-page","status-publish","hentry"],"_links":{"self":[{"href":"https:\/\/dev.m-bochum.de\/index.php\/wp-json\/wp\/v2\/pages\/489","targetHints":{"allow":["GET"]}}],"collection":[{"href":"https:\/\/dev.m-bochum.de\/index.php\/wp-json\/wp\/v2\/pages"}],"about":[{"href":"https:\/\/dev.m-bochum.de\/index.php\/wp-json\/wp\/v2\/types\/page"}],"author":[{"embeddable":true,"href":"https:\/\/dev.m-bochum.de\/index.php\/wp-json\/wp\/v2\/users\/1"}],"replies":[{"embeddable":true,"href":"https:\/\/dev.m-bochum.de\/index.php\/wp-json\/wp\/v2\/comments?post=489"}],"version-history":[{"count":6,"href":"https:\/\/dev.m-bochum.de\/index.php\/wp-json\/wp\/v2\/pages\/489\/revisions"}],"predecessor-version":[{"id":496,"href":"https:\/\/dev.m-bochum.de\/index.php\/wp-json\/wp\/v2\/pages\/489\/revisions\/496"}],"wp:attachment":[{"href":"https:\/\/dev.m-bochum.de\/index.php\/wp-json\/wp\/v2\/media?parent=489"}],"curies":[{"name":"wp","href":"https:\/\/api.w.org\/{rel}","templated":true}]}}